
In base 16, what is -86d + 11?
-85c
In base 14, what is 10 + -ac3?
-ab3
In base 14, what is -22 + -35b7b?
-35b9d
In base 9, what is -5 - 87415?
-87421
In base 5, what is -11343 + -4?
-11402
In base 10, what is -5 + 12451?
12446
In base 3, what is -1220110001021 + 12?
-1220110001002
In base 9, what is -5785317 + 5?
-5785312
In base 4, what is 113123 + 331120?
1110303
In base 9, what is 3151 + -4?
3146
In base 8, what is 2 + -26006?
-26004
In base 16, what is 200 - 55?
1ab
In base 14, what is -9133 + -4?
-9137
In base 3, what is 12 + -1002100012201?
-1002100012112
In base 3, what is 10112112221 + 110?
10112120101
In base 13, what is 0 + -1549?
-1549
In base 8, what is 54416 - 4?
54412
In base 8, what is -144 + -1541?
-1705
In base 12, what is -6622 - -3?
-661b
In base 4, what is -2210323213 - -10?
-2210323203
In base 7, what is -6 + 1340461?
1340452
In base 12, what is -949 - -40?
-909
In base 8, what is 172755 - -3?
172760
In base 11, what is 711 - -414?
1025
In base 5, what is -101344 + 203?
-101141
In base 16, what is -1fc9 + -49?
-2012
In base 10, what is 252 - 16200?
-15948
In base 4, what is 11022 - -1000?
12022
In base 16, what is -1c - 1cea?
-1d06
In base 6, what is -143 + -105232?
-105415
In base 13, what is -20 - -1b4?
194
In base 3, what is 10100 - 100102112?
-100022012
In base 16, what is -276d - 48?
-27b5
In base 15, what is -c44 - 16?
-c5a
In base 3, what is 101211122 - -1012?
101212211
In base 5, what is 2212 - -100334?
103101
In base 6, what is -1 + -1012441?
-1012442
In base 5, what is 124142 + 4?
124201
In base 16, what is 1 - -2ebad?
2ebae
In base 8, what is -4473707 - -5?
-4473702
In base 14, what is -3 - -3568?
3565
In base 3, what is 10 + -1001210020012?
-1001210020002
In base 6, what is 11 - -41540?
41551
In base 3, what is 10 - -200111?
200121
In base 10, what is -558089 - -1?
-558088
In base 13, what is 67b - 9b?
5b0
In base 16, what is 12d - -24?
151
In base 2, what is 1 - -1001011101110000011?
1001011101110000100
In base 2, what is 0 + -100101100111111?
-100101100111111
In base 16, what is -862 - 8?
-86a
In base 3, what is -1200000121001 - 2?
-1200000121010
In base 6, what is 22 - -14551?
15013
In base 13, what is -173 - 129b?
-1441
In base 4, what is -12103020213 - 0?
-12103020213
In base 8, what is 16 + 62720?
62736
In base 10, what is 45545 - -1?
45546
In base 2, what is 1111000011000 + -101?
1111000010011
In base 13, what is -1592 + 8?
-1587
In base 15, what is -b28c4 - -3?
-b28c1
In base 5, what is 3400 - 304341?
-300441
In base 14, what is 11ba - 35?
1185
In base 10, what is 4688 + 22?
4710
In base 3, what is 102021110 - 1?
102021102
In base 12, what is -4 - -2b8297?
2b8293
In base 3, what is 11020112021 + 0?
11020112021
In base 5, what is 3 - 1203404?
-1203401
In base 13, what is -57c + -30?
-5ac
In base 14, what is 15a - 11b1?
-1055
In base 16, what is -56a5 + 3e?
-5667
In base 5, what is -22434 + -1102?
-24041
In base 13, what is -3 + 1c40?
1c3a
In base 14, what is 22 - -42d?
451
In base 13, what is -11 - -7b3b1?
7b3a0
In base 11, what is -19090 - -3?
-19088
In base 5, what is -10 - -4210?
4200
In base 9, what is 22846 + -6?
22840
In base 2, what is 10011 - 1011101?
-1001010
In base 14, what is -41811 + 0?
-41811
In base 14, what is -1a0 + -39b8?
-3b78
In base 12, what is 18807 - 2?
18805
In base 15, what is 26e + -71?
1ed
In base 6, what is -1540343 + -2?
-1540345
In base 3, what is 120022 - -1210?
122002
In base 13, what is -192132 - 4?
-192136
In base 3, what is 11 - 12100122?
-12100111
In base 11, what is 155107 + 3?
15510a
In base 2, what is 11101010011101 - 1010100?
11101001001001
In base 5, what is -224 + 10433?
10204
In base 14, what is 0 + -4cc4?
-4cc4
In base 16, what is 28fb - 2?
28f9
In base 15, what is 0 - -2005?
2005
In base 9, what is 7305 + 8?
7314
In base 16, what is -bf799 + -4?
-bf79d
In base 6, what is -21 + 130452?
130431
In base 9, what is -1117 + 726?
-281
In base 4, what is -23123 - 1020?
-30203
In base 10, what is -1270 - 21?
-1291
In base 13, what is -4 + -75b5b?
-75b62
In base 2, what is -1011011 - -111111000001?
111101100110
In base 16, what is -2de96 - -5?
-2de91
In base 7, what is -116155 - -2?
-116153
In base 15, what is 2b4a - -8b?
2bd6
In base 2, what is 1110100010101100 + -11111?
1110100010001101
In base 14, what is 6d - -c149?
c1b8
In base 9, what is -14 + -4841?
-4855
In base 7, what is 432 - 144?
255
In base 4, what is 122022330 - -1?
122022331
In base 8, what is -444315 - -1?
-444314
In base 15, what is -3031 + 3a?
-2ee6
In base 5, what is 3 + -200211?
-200203
In base 5, what is -333131 - 10?
-333141
In base 9, what is 3 - -1080?
1083
In base 9, what is -166455 + 111?
-166344
In base 5, what is 120 - 110440?
-110320
In base 5, what is -10 + 140024?
140014
In base 15, what is 4b5 - 32b?
189
In base 5, what is 320142 + 3?
320200
In base 7, what is 3 + -3632456?
-3632453
In base 15, what is -27 + 4e?
27
In base 11, what is 19a - -250?
43a
In base 14, what is -3795b - -2?
-37959
In base 11, what is 1472262 - -2?
1472264
In base 10, what is -193347 + -4?
-193351
In base 6, what is -2230 - -113?
-2113
In base 15, what is -129e + -5?
-12a4
In base 12, what is 32 - 52b?
-4b9
In base 3, what is 1 - -2111001?
2111002
In base 3, what is -122 + -210100020?
-210100212
In base 11, what is 5 - -311?
316
In base 7, what is -1165 + -146?
-1344
In base 8, what is -25204 + 360?
-24624
In base 15, what is 70 + -3473?
-3403
In base 10, what is -3136538 - -4?
-3136534
In base 6, what is 2 - 1332231?
-1332225
In base 9, what is -2 - -70720?
70717
In base 4, what is 11 + 320223?
320300
In base 4, what is -131231 - 310?
-132201
In base 9, what is -4 + -1012045?
-1012050
In base 8, what is -100 - 13043?
-13143
In base 12, what is 154 + 2899?
2a31
In base 7, what is -215012555 + 3?
-215012552
In base 7, what is -3431401 + -2?
-3431403
In base 4, what is -310 - 10333?
-11303
In base 13, what is -27088 + -3?
-2708b
In base 11, what is 340 - 1287?
-a47
In base 11, what is -1051 + -89?
-112a
In base 14, what is 147 + -33d?
-1d6
In base 3, what is 12 + 120212021?
120212110
In base 15, what is -bdc9 + 1e?
-bdaa
In base 2, what is 101011011100 - -100100?
101100000000
In base 9, what is -443087 + 3?
-443084
In base 8, what is 347 - -130?
477
In base 9, what is -2 - 1354272?
-1354274
In base 7, what is -5 + -100011?
-100016
In base 8, what is -11403 + 1022?
-10361
In base 5, what is -12022 - 43?
-12120
In base 13, what is -13 + 623b6?
623a3
In base 4, what is -3 + 2302102?
2302033
In base 13, what is 833 + 291?
ac4
In base 10, what is 393 + 371?
764
In base 11, what is 3a + -10299?
-1025a
In base 10, what is 11 - -50?
61
In base 12, what is 25 - 12a0?
-1277
In base 15, what is -d76 - -22b?
-b4a
In base 9, what is 515 - -5821?
6436
In base 2, what is 100100 + -10000001011?
-1111100111
In base 11, what is -2901 - -10a?
-27a2
In base 13, what is 1528 - -b1?
1609
In base 8, what is -57440 + 11?
-57427
In base 14, what is -7b703 + 4?
-7b6dd
In base 14, what is -7763 - 3?
-7766
In base 12, what is 7868b - 11?
7867a
In base 6, what is -443140 + 30?
-443110
In base 2, what is 101 + -111011100000?
-111011011011
In base 15, what is -3e1d + 0?
-3e1d
In base 12, what is 4 + a189?
a191
In base 10, what is -109 + -24082?
-24191
In base 13, what is 5b5052 + -3?
5b504c
In base 16, what is 136 + 18?
14e
In base 8, what is -42 - 141?
-203
In base 5, what is 2414 + 232?
3201
In base 9, what is -702 + -22?
-724
In base 9, what is 77322 + 0?
77322
In base 2, what is -1100100110 + -1100010010?
-11000111000
In base 12, what is -23b - 27?
-266
In base 13, what is -15ac + 2a?
-1582
In base 10, what is -4 - -5148?
5144
In base 16, what is -d699 + 5?
-d694
In base 13, what is 5 - -5011?
5016
In base 8, what is 4323 - -372?
4715
In base 16, what is 4 - -224?
228
In base 3, what is -1000 + -120001120?
-120002120
In base 9, what is 1 + 14318?
14320
In base 2, what is -1 - 1000000111110?
-1000000111111
In base 8, what is 7153 + 0?
7153
In base 11, what is -1a + 21860?
21841
In base 16, what is -2bdb - -6?
-2bd5
In base 15, what is 1e8eb6 + 2?
1e8eb8
In base 15, what is -14 + 618?
604
In base 5, what is -34 - 103143?
-103232
In base 6, what is -253 - -5021?
4324
In base 15, what is -4b - eb48?
-eb94
In base 9, what is 50708 + -4?
507